{"id":84977,"date":"2021-06-07T10:27:51","date_gmt":"2021-06-07T10:27:51","guid":{"rendered":"https:\/\/caredanmark.co\/?page_id=84977"},"modified":"2021-06-11T12:54:11","modified_gmt":"2021-06-11T12:54:11","slug":"deltag","status":"publish","type":"page","link":"https:\/\/caredanmark.co\/index.php\/deltag\/","title":{"rendered":"Deltag"},"content":{"rendered":"<div class=\"wpb-content-wrapper\"><p>[vc_row row_height_percent=&#8221;0&#8243; override_padding=&#8221;yes&#8221; h_padding=&#8221;2&#8243; top_padding=&#8221;2&#8243; bottom_padding=&#8221;0&#8243; overlay_alpha=&#8221;80&#8243; gutter_size=&#8221;3&#8243; column_width_percent=&#8221;100&#8243; shift_y=&#8221;0&#8243; z_index=&#8221;0&#8243; top_divider=&#8221;gradient&#8221; bottom_divider=&#8221;gradient&#8221; shape_dividers=&#8221;&#8221;][vc_column column_width_percent=&#8221;100&#8243; position_vertical=&#8221;middle&#8221; align_horizontal=&#8221;align_center&#8221; gutter_size=&#8221;4&#8243; style=&#8221;dark&#8221; overlay_alpha=&#8221;50&#8243; shift_x=&#8221;0&#8243; shift_y=&#8221;0&#8243; shift_y_down=&#8221;0&#8243; z_index=&#8221;0&#8243; medium_width=&#8221;0&#8243; mobile_width=&#8221;0&#8243; width=&#8221;1\/6&#8243;][vc_row_inner row_inner_height_percent=&#8221;0&#8243; overlay_alpha=&#8221;50&#8243; gutter_size=&#8221;4&#8243; shift_y=&#8221;0&#8243; z_index=&#8221;0&#8243; limit_content=&#8221;&#8221;][vc_column_inner column_width_percent=&#8221;100&#8243; align_horizontal=&#8221;align_center&#8221; gutter_size=&#8221;3&#8243; style=&#8221;dark&#8221; overlay_alpha=&#8221;50&#8243; shift_x=&#8221;0&#8243; shift_y=&#8221;0&#8243; shift_y_down=&#8221;0&#8243; z_index=&#8221;0&#8243; medium_width=&#8221;0&#8243; mobile_width=&#8221;0&#8243; width=&#8221;1\/1&#8243;][vc_empty_space empty_h=&#8221;1&#8243; mobile_visibility=&#8221;yes&#8221;][\/vc_column_inner][\/vc_row_inner][\/vc_column][vc_column width=&#8221;2\/3&#8243;][vc_custom_heading heading_semantic=&#8221;h3&#8243; text_size=&#8221;bigtext&#8221; text_color=&#8221;accent&#8221; css_animation=&#8221;curtain&#8221; interval_animation=&#8221;200&#8243;]<span class=\"heading-text-highlight \" data-atts='{\"bg\":\"style-color-nhtu-bg\",\"height\":\"15%\",\"offset\":\"0.15em\",\"opacity\":\"0.25\",\"animated\":\"yes\"}'>Vi har ogs\u00e5 brug for dig.<\/span>[\/vc_custom_heading][\/vc_column][vc_column width=&#8221;1\/6&#8243;][\/vc_column][\/vc_row][vc_row row_height_percent=&#8221;0&#8243; override_padding=&#8221;yes&#8221; h_padding=&#8221;2&#8243; top_padding=&#8221;5&#8243; bottom_padding=&#8221;0&#8243; overlay_alpha=&#8221;50&#8243; gutter_size=&#8221;4&#8243; column_width_percent=&#8221;100&#8243; shift_y=&#8221;0&#8243; z_index=&#8221;0&#8243;][vc_column column_width_percent=&#8221;100&#8243; gutter_size=&#8221;3&#8243; overlay_alpha=&#8221;50&#8243; shift_x=&#8221;0&#8243; shift_y=&#8221;0&#8243; shift_y_down=&#8221;0&#8243; z_index=&#8221;0&#8243; medium_width=&#8221;0&#8243; mobile_width=&#8221;0&#8243; width=&#8221;7\/12&#8243;][vc_single_image media=&#8221;85070&#8243; media_width_percent=&#8221;100&#8243; media_ratio=&#8221;four-three&#8221; shadow=&#8221;yes&#8221; media_link=&#8221;url:https%3A%2F%2Fwww.klimabevaegelsen.dk&#8221;][\/vc_column][vc_column column_width_percent=&#8221;80&#8243; position_horizontal=&#8221;left&#8221; gutter_size=&#8221;2&#8243; overlay_alpha=&#8221;50&#8243; shift_x=&#8221;0&#8243; shift_y=&#8221;0&#8243; shift_y_down=&#8221;0&#8243; z_index=&#8221;0&#8243; align_medium=&#8221;align_center_tablet&#8221; medium_width=&#8221;0&#8243; align_mobile=&#8221;align_center_mobile&#8221; mobile_width=&#8221;0&#8243; width=&#8221;5\/12&#8243;][vc_custom_heading heading_semantic=&#8221;h3&#8243; text_font=&#8221;font-606691&#8243; text_size=&#8221;h3&#8243;]Skab handlekraftige lokale f\u00e6llesskaber i hele Danmark.[\/vc_custom_heading][vc_column_text]<span style=\"font-weight: 400;\">Det er sv\u00e6rt at tage kampen alene. Derfor er det vigtigste du kan g\u00f8re, at blive del af en af et af de gr\u00f8nne f\u00e6llesskaber der findes i Danmark. Du kan starte med at <strong><a href=\"https:\/\/www.klimabevaegelsen.dk\/bliv-medlem\">blive medlem af Klimabev\u00e6gelsen i Danmark<\/a>.\u00a0<\/strong><\/span><span style=\"font-weight: 400;\">Du kan ogs\u00e5 <a href=\"https:\/\/www.klimabevaegelsen.dk\/oplaeg\"><strong>anmode om at f\u00e5 holdt et workshop<\/strong><\/a> for dine venner, din lokale forening, din gymnasieklasse, eller andet.<\/span>[\/vc_column_text][\/vc_column][\/vc_row][vc_row row_height_percent=&#8221;0&#8243; override_padding=&#8221;yes&#8221; h_padding=&#8221;2&#8243; top_padding=&#8221;0&#8243; bottom_padding=&#8221;5&#8243; overlay_alpha=&#8221;50&#8243; gutter_size=&#8221;0&#8243; column_width_percent=&#8221;100&#8243; shift_y=&#8221;0&#8243; z_index=&#8221;1&#8243;][vc_column column_width_percent=&#8221;100&#8243; gutter_size=&#8221;3&#8243; override_padding=&#8221;yes&#8221; column_padding=&#8221;3&#8243; back_color=&#8221;color-xsdn&#8221; overlay_alpha=&#8221;50&#8243; shift_x=&#8221;4&#8243; shift_y=&#8221;3&#8243; shift_y_down=&#8221;0&#8243; z_index=&#8221;2&#8243; align_medium=&#8221;align_center_tablet&#8221; medium_width=&#8221;0&#8243; align_mobile=&#8221;align_center_mobile&#8221; mobile_width=&#8221;0&#8243; shadow=&#8221;lg&#8221; width=&#8221;4\/12&#8243;][vc_custom_heading heading_semantic=&#8221;h3&#8243; text_font=&#8221;font-606691&#8243;]St\u00f8t organisationer, der arbejder i klimakrisens br\u00e6ndepunkter.[\/vc_custom_heading][vc_column_text]<strong><a href=\"https:\/\/care.dk\">CARE<\/a><\/strong> arbejder for en gr\u00f8n og retf\u00e6rdig verden med de mennesker, som er meste udsatte for klimakrisens konsekvenser. <a href=\"https:\/\/pacja.org\"><strong>PACJA<\/strong><\/a> er en koalition af knap 1.000 organisationer i Afrika, som k\u00e6mper for klimaretf\u00e6rdighed.[\/vc_column_text][\/vc_column][vc_column column_width_use_pixel=&#8221;yes&#8221; gutter_size=&#8221;3&#8243; style=&#8221;dark&#8221; overlay_alpha=&#8221;50&#8243; shift_x=&#8221;2&#8243; shift_y=&#8221;-5&#8243; shift_y_down=&#8221;0&#8243; z_index=&#8221;0&#8243; medium_width=&#8221;0&#8243; mobile_width=&#8221;0&#8243; width=&#8221;8\/12&#8243; column_width_pixel=&#8221;900&#8243;][vc_empty_space empty_h=&#8221;2&#8243; desktop_visibility=&#8221;yes&#8221;][vc_single_image media=&#8221;85071&#8243; media_width_percent=&#8221;100&#8243; media_ratio=&#8221;three-two&#8221; shadow=&#8221;yes&#8221; shadow_weight=&#8221;std&#8221; media_link=&#8221;url:https%3A%2F%2Fcare.dk&#8221;][\/vc_column][\/vc_row]<\/p>\n<\/div>","protected":false},"excerpt":{"rendered":"<p>[vc_row row_height_percent=&#8221;0&#8243; override_padding=&#8221;yes&#8221; h_padding=&#8221;2&#8243; top_padding=&#8221;2&#8243; bottom_padding=&#8221;0&#8243; overlay_alpha=&#8221;80&#8243; gutter_size=&#8221;3&#8243; column_width_percent=&#8221;100&#8243; shift_y=&#8221;0&#8243; z_index=&#8221;0&#8243; top_divider=&#8221;gradient&#8221; bottom_divider=&#8221;gradient&#8221; shape_dividers=&#8221;&#8221;][vc_column column_width_percent=&#8221;100&#8243; position_vertical=&#8221;middle&#8221; align_horizontal=&#8221;align_center&#8221; gutter_size=&#8221;4&#8243; style=&#8221;dark&#8221; overlay_alpha=&#8221;50&#8243; [&hellip;]<\/p>\n","protected":false},"author":2,"featured_media":0,"parent":0,"menu_order":0,"comment_status":"closed","ping_status":"closed","template":"","meta":{"_monsterinsights_skip_tracking":false,"_monsterinsights_sitenote_active":false,"_monsterinsights_sitenote_note":"","_monsterinsights_sitenote_category":0,"footnotes":""},"class_list":["post-84977","page","type-page","status-publish","hentry"],"yoast_head":"<!-- This site is optimized with the Yoast SEO plugin v24.3 - https:\/\/yoast.com\/wordpress\/plugins\/seo\/ -->\n<title>Deltag - Act Now for Klimaretf\u00e6rdighed<\/title>\n<meta name=\"robots\" content=\"index, follow, max-snippet:-1, max-image-preview:large, max-video-preview:-1\" \/>\n<link rel=\"canonical\" href=\"https:\/\/caredanmark.co\/index.php\/deltag\/\" \/>\n<meta property=\"og:locale\" content=\"da_DK\" \/>\n<meta property=\"og:type\" content=\"article\" \/>\n<meta property=\"og:title\" content=\"Deltag - Act Now for Klimaretf\u00e6rdighed\" \/>\n<meta property=\"og:description\" content=\"[vc_row row_height_percent=&#8221;0&#8243; override_padding=&#8221;yes&#8221; h_padding=&#8221;2&#8243; top_padding=&#8221;2&#8243; bottom_padding=&#8221;0&#8243; overlay_alpha=&#8221;80&#8243; gutter_size=&#8221;3&#8243; column_width_percent=&#8221;100&#8243; shift_y=&#8221;0&#8243; z_index=&#8221;0&#8243; top_divider=&#8221;gradient&#8221; bottom_divider=&#8221;gradient&#8221; shape_dividers=&#8221;&#8221;][vc_column column_width_percent=&#8221;100&#8243; position_vertical=&#8221;middle&#8221; align_horizontal=&#8221;align_center&#8221; gutter_size=&#8221;4&#8243; style=&#8221;dark&#8221; overlay_alpha=&#8221;50&#8243; [&hellip;]\" \/>\n<meta property=\"og:url\" content=\"https:\/\/caredanmark.co\/index.php\/deltag\/\" \/>\n<meta property=\"og:site_name\" content=\"Act Now for Klimaretf\u00e6rdighed\" \/>\n<meta property=\"article:modified_time\" content=\"2021-06-11T12:54:11+00:00\" \/>\n<meta name=\"twitter:card\" content=\"summary_large_image\" \/>\n<meta name=\"twitter:label1\" content=\"Estimeret l\u00e6setid\" \/>\n\t<meta name=\"twitter:data1\" content=\"3 minutter\" \/>\n<script type=\"application\/ld+json\" class=\"yoast-schema-graph\">{\"@context\":\"https:\/\/schema.org\",\"@graph\":[{\"@type\":\"WebPage\",\"@id\":\"https:\/\/caredanmark.co\/index.php\/deltag\/\",\"url\":\"https:\/\/caredanmark.co\/index.php\/deltag\/\",\"name\":\"Deltag - Act Now for Klimaretf\u00e6rdighed\",\"isPartOf\":{\"@id\":\"https:\/\/caredanmark.co\/#website\"},\"datePublished\":\"2021-06-07T10:27:51+00:00\",\"dateModified\":\"2021-06-11T12:54:11+00:00\",\"breadcrumb\":{\"@id\":\"https:\/\/caredanmark.co\/index.php\/deltag\/#breadcrumb\"},\"inLanguage\":\"da-DK\",\"potentialAction\":[{\"@type\":\"ReadAction\",\"target\":[\"https:\/\/caredanmark.co\/index.php\/deltag\/\"]}]},{\"@type\":\"BreadcrumbList\",\"@id\":\"https:\/\/caredanmark.co\/index.php\/deltag\/#breadcrumb\",\"itemListElement\":[{\"@type\":\"ListItem\",\"position\":1,\"name\":\"Home\",\"item\":\"https:\/\/caredanmark.co\/\"},{\"@type\":\"ListItem\",\"position\":2,\"name\":\"Deltag\"}]},{\"@type\":\"WebSite\",\"@id\":\"https:\/\/caredanmark.co\/#website\",\"url\":\"https:\/\/caredanmark.co\/\",\"name\":\"Act Now for Klimaretf\u00e6rdighed\",\"description\":\"Det er den samme storm men vi er ikke i samme b\u00e5d\",\"potentialAction\":[{\"@type\":\"SearchAction\",\"target\":{\"@type\":\"EntryPoint\",\"urlTemplate\":\"https:\/\/caredanmark.co\/?s={search_term_string}\"},\"query-input\":{\"@type\":\"PropertyValueSpecification\",\"valueRequired\":true,\"valueName\":\"search_term_string\"}}],\"inLanguage\":\"da-DK\"}]}<\/script>\n<!-- \/ Yoast SEO plugin. -->","yoast_head_json":{"title":"Deltag - Act Now for Klimaretf\u00e6rdighed","robots":{"index":"index","follow":"follow","max-snippet":"max-snippet:-1","max-image-preview":"max-image-preview:large","max-video-preview":"max-video-preview:-1"},"canonical":"https:\/\/caredanmark.co\/index.php\/deltag\/","og_locale":"da_DK","og_type":"article","og_title":"Deltag - Act Now for Klimaretf\u00e6rdighed","og_description":"[vc_row row_height_percent=&#8221;0&#8243; override_padding=&#8221;yes&#8221; h_padding=&#8221;2&#8243; top_padding=&#8221;2&#8243; bottom_padding=&#8221;0&#8243; overlay_alpha=&#8221;80&#8243; gutter_size=&#8221;3&#8243; column_width_percent=&#8221;100&#8243; shift_y=&#8221;0&#8243; z_index=&#8221;0&#8243; top_divider=&#8221;gradient&#8221; bottom_divider=&#8221;gradient&#8221; shape_dividers=&#8221;&#8221;][vc_column column_width_percent=&#8221;100&#8243; position_vertical=&#8221;middle&#8221; align_horizontal=&#8221;align_center&#8221; gutter_size=&#8221;4&#8243; style=&#8221;dark&#8221; overlay_alpha=&#8221;50&#8243; [&hellip;]","og_url":"https:\/\/caredanmark.co\/index.php\/deltag\/","og_site_name":"Act Now for Klimaretf\u00e6rdighed","article_modified_time":"2021-06-11T12:54:11+00:00","twitter_card":"summary_large_image","twitter_misc":{"Estimeret l\u00e6setid":"3 minutter"},"schema":{"@context":"https:\/\/schema.org","@graph":[{"@type":"WebPage","@id":"https:\/\/caredanmark.co\/index.php\/deltag\/","url":"https:\/\/caredanmark.co\/index.php\/deltag\/","name":"Deltag - Act Now for Klimaretf\u00e6rdighed","isPartOf":{"@id":"https:\/\/caredanmark.co\/#website"},"datePublished":"2021-06-07T10:27:51+00:00","dateModified":"2021-06-11T12:54:11+00:00","breadcrumb":{"@id":"https:\/\/caredanmark.co\/index.php\/deltag\/#breadcrumb"},"inLanguage":"da-DK","potentialAction":[{"@type":"ReadAction","target":["https:\/\/caredanmark.co\/index.php\/deltag\/"]}]},{"@type":"BreadcrumbList","@id":"https:\/\/caredanmark.co\/index.php\/deltag\/#breadcrumb","itemListElement":[{"@type":"ListItem","position":1,"name":"Home","item":"https:\/\/caredanmark.co\/"},{"@type":"ListItem","position":2,"name":"Deltag"}]},{"@type":"WebSite","@id":"https:\/\/caredanmark.co\/#website","url":"https:\/\/caredanmark.co\/","name":"Act Now for Klimaretf\u00e6rdighed","description":"Det er den samme storm men vi er ikke i samme b\u00e5d","potentialAction":[{"@type":"SearchAction","target":{"@type":"EntryPoint","urlTemplate":"https:\/\/caredanmark.co\/?s={search_term_string}"},"query-input":{"@type":"PropertyValueSpecification","valueRequired":true,"valueName":"search_term_string"}}],"inLanguage":"da-DK"}]}},"_links":{"self":[{"href":"https:\/\/caredanmark.co\/index.php\/wp-json\/wp\/v2\/pages\/84977","targetHints":{"allow":["GET"]}}],"collection":[{"href":"https:\/\/caredanmark.co\/index.php\/wp-json\/wp\/v2\/pages"}],"about":[{"href":"https:\/\/caredanmark.co\/index.php\/wp-json\/wp\/v2\/types\/page"}],"author":[{"embeddable":true,"href":"https:\/\/caredanmark.co\/index.php\/wp-json\/wp\/v2\/users\/2"}],"replies":[{"embeddable":true,"href":"https:\/\/caredanmark.co\/index.php\/wp-json\/wp\/v2\/comments?post=84977"}],"version-history":[{"count":2,"href":"https:\/\/caredanmark.co\/index.php\/wp-json\/wp\/v2\/pages\/84977\/revisions"}],"predecessor-version":[{"id":85073,"href":"https:\/\/caredanmark.co\/index.php\/wp-json\/wp\/v2\/pages\/84977\/revisions\/85073"}],"wp:attachment":[{"href":"https:\/\/caredanmark.co\/index.php\/wp-json\/wp\/v2\/media?parent=84977"}],"curies":[{"name":"wp","href":"https:\/\/api.w.org\/{rel}","templated":true}]}}