{"id":84968,"date":"2021-06-07T10:10:14","date_gmt":"2021-06-07T10:10:14","guid":{"rendered":"https:\/\/caredanmark.co\/?page_id=84968"},"modified":"2021-06-25T09:13:24","modified_gmt":"2021-06-25T09:13:24","slug":"om-klimaretfaerdighed","status":"publish","type":"page","link":"https:\/\/caredanmark.co\/index.php\/om-klimaretfaerdighed\/","title":{"rendered":"Om Klimaretf\u00e6rdighed"},"content":{"rendered":"<div class=\"wpb-content-wrapper\"><p>[vc_row unlock_row_content=&#8221;yes&#8221; row_height_percent=&#8221;0&#8243; override_padding=&#8221;yes&#8221; h_padding=&#8221;0&#8243; top_padding=&#8221;0&#8243; bottom_padding=&#8221;0&#8243; back_color=&#8221;accent&#8221; overlay_alpha=&#8221;50&#8243; equal_height=&#8221;yes&#8221; gutter_size=&#8221;0&#8243; column_width_percent=&#8221;100&#8243; shift_y=&#8221;0&#8243; z_index=&#8221;0&#8243; el_class=&#8221;inverted-device-order&#8221;][vc_column column_width_use_pixel=&#8221;yes&#8221; gutter_size=&#8221;3&#8243; override_padding=&#8221;yes&#8221; column_padding=&#8221;5&#8243; style=&#8221;dark&#8221; overlay_alpha=&#8221;50&#8243; shift_x=&#8221;0&#8243; shift_y=&#8221;0&#8243; shift_y_down=&#8221;0&#8243; z_index=&#8221;0&#8243; medium_width=&#8221;0&#8243; mobile_width=&#8221;0&#8243; width=&#8221;1\/2&#8243; column_width_pixel=&#8221;528&#8243;][vc_custom_heading heading_semantic=&#8221;h1&#8243; text_size=&#8221;h1&#8243;]<span style=\"font-weight: 400;\">URETF\u00c6RDIGHED<\/span>[\/vc_custom_heading][vc_column_text text_lead=&#8221;yes&#8221;]Klimakrisen handler ikke kun om flere drivhusgasser i atmosf\u00e6ren. Klimakrisen indeholder mange politiske, etiske og moralske sp\u00f8rgsm\u00e5l.<\/p>\n<p>Hvem har det st\u00f8rste ansvar for at handle og hvem skal handle f\u00f8rst?\u00a0Hvad er en retf\u00e6rdig m\u00e5de at fordele omkostninger forbundet med at omstille?\u00a0Hvem skal betale for at undg\u00e5 klimakrisens konsekvenser?\u00a0Hvem skal styre omstillingen?[\/vc_column_text][vc_empty_space empty_h=&#8221;1&#8243;][\/vc_column][vc_column column_width_percent=&#8221;100&#8243; gutter_size=&#8221;3&#8243; back_image=&#8221;85049&#8243; overlay_alpha=&#8221;50&#8243; shift_x=&#8221;0&#8243; shift_y=&#8221;0&#8243; shift_y_down=&#8221;0&#8243; z_index=&#8221;0&#8243; medium_width=&#8221;0&#8243; mobile_width=&#8221;0&#8243; width=&#8221;1\/2&#8243; mobile_height=&#8221;340&#8243;][\/vc_column][\/vc_row][vc_row row_height_percent=&#8221;0&#8243; override_padding=&#8221;yes&#8221; h_padding=&#8221;2&#8243; top_padding=&#8221;5&#8243; bottom_padding=&#8221;5&#8243; overlay_alpha=&#8221;50&#8243; gutter_size=&#8221;3&#8243; column_width_percent=&#8221;100&#8243; shift_y=&#8221;0&#8243; z_index=&#8221;0&#8243;][vc_column column_width_use_pixel=&#8221;yes&#8221; align_horizontal=&#8221;align_center&#8221; gutter_size=&#8221;3&#8243; overlay_alpha=&#8221;50&#8243; shift_x=&#8221;0&#8243; shift_y=&#8221;0&#8243; shift_y_down=&#8221;0&#8243; z_index=&#8221;0&#8243; medium_width=&#8221;0&#8243; mobile_width=&#8221;0&#8243; width=&#8221;1\/1&#8243; column_width_pixel=&#8221;900&#8243;][vc_custom_heading heading_semantic=&#8221;h3&#8243; text_size=&#8221;h1&#8243;]KLIMARETF\u00c6RDIGHED BETYDER DERFOR[\/vc_custom_heading][\/vc_column][\/vc_row][vc_row unlock_row_content=&#8221;yes&#8221; row_height_percent=&#8221;50&#8243; override_padding=&#8221;yes&#8221; h_padding=&#8221;0&#8243; top_padding=&#8221;0&#8243; bottom_padding=&#8221;0&#8243; back_color=&#8221;color-wayh&#8221; overlay_alpha=&#8221;100&#8243; equal_height=&#8221;yes&#8221; gutter_size=&#8221;0&#8243; shift_y=&#8221;0&#8243; style=&#8221;inherited&#8221;][vc_column column_width_percent=&#8221;100&#8243; position_horizontal=&#8221;left&#8221; position_vertical=&#8221;middle&#8221; align_horizontal=&#8221;align_center&#8221; gutter_size=&#8221;3&#8243; override_padding=&#8221;yes&#8221; column_padding=&#8221;4&#8243; back_color=&#8221;color-xsdn&#8221; overlay_alpha=&#8221;100&#8243; shift_x=&#8221;0&#8243; shift_y=&#8221;0&#8243; shift_y_down=&#8221;0&#8243; z_index=&#8221;0&#8243; medium_width=&#8221;3&#8243; mobile_width=&#8221;0&#8243; zoom_width=&#8221;0&#8243; zoom_height=&#8221;0&#8243; width=&#8221;1\/3&#8243;][vc_icon icon=&#8221;fa fa-hand&#8221; size=&#8221;fa-4x&#8221; align=&#8221;&#8221;]<\/p>\n<p style=\"text-align: left;\"><strong>Vi har et f\u00e6lles men forskelligartet ansvar for at handle.<\/strong> For selvom vi alle b\u00e6rer et ansvar for at handle, har nogle lande, regioner og grupper et st\u00f8rre ansvar end andre. P\u00e5 grund af deres nuv\u00e6rende og historiske udledninger, p\u00e5 grund af deres evne til at omstille, og fordi de er mindre udsat overfor klimakrisens konsekvenser.<\/p>\n<p>[\/vc_icon][\/vc_column][vc_column column_width_percent=&#8221;100&#8243; position_horizontal=&#8221;left&#8221; gutter_size=&#8221;3&#8243; back_color=&#8221;color-gyho&#8221; back_image=&#8221;85046&#8243; overlay_alpha=&#8221;100&#8243; shift_x=&#8221;0&#8243; shift_y=&#8221;0&#8243; shift_y_down=&#8221;0&#8243; z_index=&#8221;0&#8243; medium_width=&#8221;3&#8243; mobile_width=&#8221;0&#8243; zoom_width=&#8221;0&#8243; zoom_height=&#8221;0&#8243; width=&#8221;1\/3&#8243; mobile_height=&#8221;260&#8243;][\/vc_column][vc_column column_width_percent=&#8221;100&#8243; position_vertical=&#8221;middle&#8221; align_horizontal=&#8221;align_center&#8221; gutter_size=&#8221;3&#8243; override_padding=&#8221;yes&#8221; column_padding=&#8221;4&#8243; back_color=&#8221;color-xsdn&#8221; overlay_alpha=&#8221;50&#8243; shift_x=&#8221;0&#8243; shift_y=&#8221;0&#8243; shift_y_down=&#8221;0&#8243; z_index=&#8221;0&#8243; medium_width=&#8221;3&#8243; mobile_width=&#8221;0&#8243; zoom_width=&#8221;0&#8243; zoom_height=&#8221;0&#8243; width=&#8221;1\/3&#8243;][vc_icon icon=&#8221;fa fa-leaf&#8221; size=&#8221;fa-4x&#8221; align=&#8221;&#8221;]<\/p>\n<p style=\"text-align: left;\"><b>Alle skal v\u00e6re medejere af den gr\u00f8nne omstilling. <\/b><span style=\"font-weight: 400;\">Demokrati, lokal kontekst og respekt for menneskerettigheder skal v\u00e6re grundsten for klimahandling. For at sikre at omstillingen er b\u00e6redygtig, skal folk v\u00e6re engageret lokalt. Og for at sikre at de er retf\u00e6rdige, skal vi give magt til de stemmer og mennesker, som er ikke har en plads ved bordet, n\u00e5r der skal tages beslutninger.<\/span><\/p>\n<p>[\/vc_icon][\/vc_column][\/vc_row][vc_row unlock_row_content=&#8221;yes&#8221; row_height_percent=&#8221;50&#8243; override_padding=&#8221;yes&#8221; h_padding=&#8221;0&#8243; top_padding=&#8221;0&#8243; bottom_padding=&#8221;0&#8243; back_color=&#8221;color-wayh&#8221; overlay_alpha=&#8221;100&#8243; equal_height=&#8221;yes&#8221; gutter_size=&#8221;0&#8243; shift_y=&#8221;0&#8243; style=&#8221;inherited&#8221;][vc_column column_width_percent=&#8221;100&#8243; position_horizontal=&#8221;left&#8221; gutter_size=&#8221;3&#8243; back_color=&#8221;color-gyho&#8221; back_image=&#8221;85048&#8243; overlay_alpha=&#8221;100&#8243; shift_x=&#8221;0&#8243; shift_y=&#8221;0&#8243; shift_y_down=&#8221;0&#8243; z_index=&#8221;0&#8243; medium_width=&#8221;3&#8243; mobile_width=&#8221;0&#8243; zoom_height=&#8221;0&#8243; width=&#8221;1\/3&#8243; mobile_height=&#8221;260&#8243;][\/vc_column][vc_column column_width_percent=&#8221;100&#8243; position_horizontal=&#8221;left&#8221; position_vertical=&#8221;middle&#8221; align_horizontal=&#8221;align_center&#8221; gutter_size=&#8221;3&#8243; override_padding=&#8221;yes&#8221; column_padding=&#8221;4&#8243; back_color=&#8221;color-xsdn&#8221; overlay_alpha=&#8221;100&#8243; shift_x=&#8221;0&#8243; shift_y=&#8221;0&#8243; shift_y_down=&#8221;0&#8243; z_index=&#8221;0&#8243; medium_width=&#8221;3&#8243; mobile_width=&#8221;0&#8243; zoom_width=&#8221;0&#8243; zoom_height=&#8221;0&#8243; width=&#8221;1\/3&#8243;][vc_icon icon=&#8221;fa fa-comments&#8221; size=&#8221;fa-4x&#8221; align=&#8221;&#8221;]<strong>Vi skal handle p\u00e5, at forskellige s\u00e5rbarheder og undertrykkelse overlapper med s\u00e5rbarhed overfor klimakrisen.<\/strong> Konsekvenserne af klimakrisen rammer p\u00e5 forskellige niveauer, og g\u00f8r nogle lande, regioner, grupper og individer mere s\u00e5rbare overfor klimakrisen end andre. \u00d8konomisk magt, k\u00f8n, etnicitet, alder, social magt og levebr\u00f8ds strategier overlapper p\u00e5 komplekse m\u00e5der, og p\u00e5virker et individs s\u00e5rbarhed overfor klimakrisen.[\/vc_icon][\/vc_column][vc_column column_width_percent=&#8221;100&#8243; position_horizontal=&#8221;left&#8221; gutter_size=&#8221;3&#8243; back_color=&#8221;color-gyho&#8221; back_image=&#8221;85044&#8243; overlay_alpha=&#8221;100&#8243; shift_x=&#8221;0&#8243; shift_y=&#8221;0&#8243; shift_y_down=&#8221;0&#8243; z_index=&#8221;0&#8243; medium_width=&#8221;3&#8243; mobile_width=&#8221;0&#8243; zoom_width=&#8221;0&#8243; zoom_height=&#8221;0&#8243; width=&#8221;1\/3&#8243; mobile_height=&#8221;260&#8243;][\/vc_column][\/vc_row][vc_row row_height_percent=&#8221;85&#8243; override_padding=&#8221;yes&#8221; h_padding=&#8221;2&#8243; top_padding=&#8221;5&#8243; bottom_padding=&#8221;5&#8243; back_color=&#8221;accent&#8221; back_image=&#8221;85040&#8243; overlay_alpha=&#8221;80&#8243; gutter_size=&#8221;4&#8243; column_width_percent=&#8221;100&#8243; shift_y=&#8221;0&#8243; z_index=&#8221;0&#8243; enable_bottom_divider=&#8221;default&#8221; bottom_divider_inv=&#8221;waves-opacity&#8221; shape_bottom_invert=&#8221;yes&#8221; shape_bottom_h_use_pixel=&#8221;&#8221; shape_bottom_height=&#8221;200&#8243; shape_bottom_opacity=&#8221;100&#8243; shape_bottom_index=&#8221;0&#8243;][vc_column column_width_percent=&#8221;100&#8243; gutter_size=&#8221;3&#8243; style=&#8221;dark&#8221; overlay_alpha=&#8221;50&#8243; shift_x=&#8221;0&#8243; shift_y=&#8221;0&#8243; shift_y_down=&#8221;0&#8243; z_index=&#8221;0&#8243; medium_width=&#8221;4&#8243; align_mobile=&#8221;align_center_mobile&#8221; mobile_width=&#8221;0&#8243; width=&#8221;1\/2&#8243;][vc_custom_heading heading_semantic=&#8221;h3&#8243; text_size=&#8221;h1&#8243; text_color=&#8221;color-nhtu&#8221;]ACT NOW PLAKAT[\/vc_custom_heading][vc_column_text text_lead=&#8221;yes&#8221;]<span style=\"font-weight: 400; color: #000000;\">Vi har lavet en plakat der fort\u00e6ller om klimaretf\u00e6rdighed, samt hvordan vi kan g\u00f8re en forskel. Den er udarbejdet til unge p\u00e5 14 \u00e5r og op, men kan ogs\u00e5 bruges til voksne. En del af materialet er du st\u00f8dt p\u00e5 her p\u00e5 hjemmesiden, men der er ogs\u00e5 en sektion om, hvordan du tale med andre om klimaretf\u00e6rdighed.<\/span>[\/vc_column_text][vc_button button_color=&#8221;accent&#8221; border_width=&#8221;0&#8243; link=&#8221;url:https%3A%2F%2Fcaredanmark.co%2Fwp-content%2Fuploads%2F2021%2F06%2FActNow_BW_A3.pdf&#8221;]Hent plakaten[\/vc_button][\/vc_column][vc_column column_width_percent=&#8221;100&#8243; position_vertical=&#8221;middle&#8221; gutter_size=&#8221;3&#8243; overlay_alpha=&#8221;50&#8243; shift_x=&#8221;0&#8243; shift_y=&#8221;0&#8243; shift_y_down=&#8221;0&#8243; z_index=&#8221;0&#8243; medium_width=&#8221;4&#8243; mobile_width=&#8221;0&#8243; width=&#8221;1\/2&#8243;][vc_single_image media=&#8221;85078&#8243; media_width_percent=&#8221;100&#8243; shadow=&#8221;yes&#8221; shadow_weight=&#8221;xl&#8221; media_link=&#8221;url:https%3A%2F%2Fcaredanmark.co%2Fwp-content%2Fuploads%2F2021%2F06%2FActNow_BW_A3.pdf&#8221;][\/vc_column][\/vc_row][vc_row row_height_percent=&#8221;0&#8243; override_padding=&#8221;yes&#8221; h_padding=&#8221;2&#8243; top_padding=&#8221;5&#8243; bottom_padding=&#8221;5&#8243; back_color=&#8221;accent&#8221; overlay_alpha=&#8221;0&#8243; gutter_size=&#8221;3&#8243; column_width_percent=&#8221;100&#8243; shift_y=&#8221;0&#8243; z_index=&#8221;0&#8243; top_divider=&#8221;gradient&#8221; bottom_divider=&#8221;gradient&#8221; shape_dividers=&#8221;&#8221;][vc_column column_width_percent=&#8221;100&#8243; position_vertical=&#8221;middle&#8221; align_horizontal=&#8221;align_center&#8221; gutter_size=&#8221;4&#8243; style=&#8221;dark&#8221; overlay_alpha=&#8221;50&#8243; shift_x=&#8221;0&#8243; shift_y=&#8221;0&#8243; shift_y_down=&#8221;0&#8243; z_index=&#8221;0&#8243; medium_width=&#8221;0&#8243; mobile_width=&#8221;0&#8243; width=&#8221;1\/1&#8243;][vc_row_inner row_inner_height_percent=&#8221;0&#8243; overlay_alpha=&#8221;50&#8243; gutter_size=&#8221;4&#8243; shift_y=&#8221;0&#8243; z_index=&#8221;0&#8243; limit_content=&#8221;&#8221;][vc_column_inner column_width_percent=&#8221;100&#8243; align_horizontal=&#8221;align_center&#8221; gutter_size=&#8221;3&#8243; style=&#8221;dark&#8221; overlay_alpha=&#8221;50&#8243; shift_x=&#8221;0&#8243; shift_y=&#8221;0&#8243; shift_y_down=&#8221;0&#8243; z_index=&#8221;0&#8243; medium_width=&#8221;0&#8243; mobile_width=&#8221;0&#8243; width=&#8221;1\/1&#8243;][vc_custom_heading heading_semantic=&#8221;h3&#8243; text_font=&#8221;font-112670&#8243; text_size=&#8221;bigtext&#8221; css_animation=&#8221;curtain&#8221; interval_animation=&#8221;200&#8243;]<span class=\"heading-text-highlight \" data-atts='{\"bg\":\"style-color-xsdn-bg\",\"height\":\"15%\",\"offset\":\"0.15em\",\"opacity\":\"0.25\",\"animated\":\"yes\"}'>Der er endnu flere ressourcer at hente.<\/span>[\/vc_custom_heading][vc_custom_heading heading_semantic=&#8221;p&#8221; text_font=&#8221;font-606691&#8243; text_size=&#8221;h4&#8243; text_weight=&#8221;400&#8243; css_animation=&#8221;curtain&#8221;]Vi har ogs\u00e5 samlet en list over endnu flere materialer om klimaretf\u00e6rdighed p\u00e5 b\u00e5de dansk og engelsk og opdatere materialebanken l\u00f8bende. Historien forts\u00e6tter.[\/vc_custom_heading][vc_empty_space empty_h=&#8221;1&#8243; mobile_visibility=&#8221;yes&#8221;][vc_button border_width=&#8221;0&#8243; css_animation=&#8221;zoom-in&#8221; animation_delay=&#8221;800&#8243; link=&#8221;url:https%3A%2F%2Fdocs.google.com%2Fdocument%2Fd%2F1AVfxfk5cRKV93Hvu7YpOpajllj34K1bqVcPRSLSMgF8%2Fedit%3Fusp%3Dsharing|target:_blank&#8221;]\u00c5BN MATERIALEBANKEN[\/vc_button][\/vc_column_inner][\/vc_row_inner][\/vc_column][\/vc_row]<\/p>\n<\/div>","protected":false},"excerpt":{"rendered":"<p>[vc_row unlock_row_content=&#8221;yes&#8221; row_height_percent=&#8221;0&#8243; override_padding=&#8221;yes&#8221; h_padding=&#8221;0&#8243; top_padding=&#8221;0&#8243; bottom_padding=&#8221;0&#8243; back_color=&#8221;accent&#8221; overlay_alpha=&#8221;50&#8243; equal_height=&#8221;yes&#8221; gutter_size=&#8221;0&#8243; column_width_percent=&#8221;100&#8243; shift_y=&#8221;0&#8243; z_index=&#8221;0&#8243; el_class=&#8221;inverted-device-order&#8221;][vc_column column_width_use_pixel=&#8221;yes&#8221; gutter_size=&#8221;3&#8243; override_padding=&#8221;yes&#8221; column_padding=&#8221;5&#8243; style=&#8221;dark&#8221; [&hellip;]<\/p>\n","protected":false},"author":2,"featured_media":0,"parent":0,"menu_order":0,"comment_status":"closed","ping_status":"closed","template":"","meta":{"_monsterinsights_skip_tracking":false,"_monsterinsights_sitenote_active":false,"_monsterinsights_sitenote_note":"","_monsterinsights_sitenote_category":0,"footnotes":""},"class_list":["post-84968","page","type-page","status-publish","hentry"],"yoast_head":"<!-- This site is optimized with the Yoast SEO plugin v24.3 - https:\/\/yoast.com\/wordpress\/plugins\/seo\/ -->\n<title>Om Klimaretf\u00e6rdighed - Act Now for Klimaretf\u00e6rdighed<\/title>\n<meta name=\"robots\" content=\"index, follow, max-snippet:-1, max-image-preview:large, max-video-preview:-1\" \/>\n<link rel=\"canonical\" href=\"https:\/\/caredanmark.co\/index.php\/om-klimaretfaerdighed\/\" \/>\n<meta property=\"og:locale\" content=\"da_DK\" \/>\n<meta property=\"og:type\" content=\"article\" \/>\n<meta property=\"og:title\" content=\"Om Klimaretf\u00e6rdighed - Act Now for Klimaretf\u00e6rdighed\" \/>\n<meta property=\"og:description\" content=\"[vc_row unlock_row_content=&#8221;yes&#8221; row_height_percent=&#8221;0&#8243; override_padding=&#8221;yes&#8221; h_padding=&#8221;0&#8243; top_padding=&#8221;0&#8243; bottom_padding=&#8221;0&#8243; back_color=&#8221;accent&#8221; overlay_alpha=&#8221;50&#8243; equal_height=&#8221;yes&#8221; gutter_size=&#8221;0&#8243; column_width_percent=&#8221;100&#8243; shift_y=&#8221;0&#8243; z_index=&#8221;0&#8243; el_class=&#8221;inverted-device-order&#8221;][vc_column column_width_use_pixel=&#8221;yes&#8221; gutter_size=&#8221;3&#8243; override_padding=&#8221;yes&#8221; column_padding=&#8221;5&#8243; style=&#8221;dark&#8221; [&hellip;]\" \/>\n<meta property=\"og:url\" content=\"https:\/\/caredanmark.co\/index.php\/om-klimaretfaerdighed\/\" \/>\n<meta property=\"og:site_name\" content=\"Act Now for Klimaretf\u00e6rdighed\" \/>\n<meta property=\"article:modified_time\" content=\"2021-06-25T09:13:24+00:00\" \/>\n<meta name=\"twitter:card\" content=\"summary_large_image\" \/>\n<meta name=\"twitter:label1\" content=\"Estimeret l\u00e6setid\" \/>\n\t<meta name=\"twitter:data1\" content=\"3 minutter\" \/>\n<script type=\"application\/ld+json\" class=\"yoast-schema-graph\">{\"@context\":\"https:\/\/schema.org\",\"@graph\":[{\"@type\":\"WebPage\",\"@id\":\"https:\/\/caredanmark.co\/index.php\/om-klimaretfaerdighed\/\",\"url\":\"https:\/\/caredanmark.co\/index.php\/om-klimaretfaerdighed\/\",\"name\":\"Om Klimaretf\u00e6rdighed - Act Now for Klimaretf\u00e6rdighed\",\"isPartOf\":{\"@id\":\"https:\/\/caredanmark.co\/#website\"},\"datePublished\":\"2021-06-07T10:10:14+00:00\",\"dateModified\":\"2021-06-25T09:13:24+00:00\",\"breadcrumb\":{\"@id\":\"https:\/\/caredanmark.co\/index.php\/om-klimaretfaerdighed\/#breadcrumb\"},\"inLanguage\":\"da-DK\",\"potentialAction\":[{\"@type\":\"ReadAction\",\"target\":[\"https:\/\/caredanmark.co\/index.php\/om-klimaretfaerdighed\/\"]}]},{\"@type\":\"BreadcrumbList\",\"@id\":\"https:\/\/caredanmark.co\/index.php\/om-klimaretfaerdighed\/#breadcrumb\",\"itemListElement\":[{\"@type\":\"ListItem\",\"position\":1,\"name\":\"Home\",\"item\":\"https:\/\/caredanmark.co\/\"},{\"@type\":\"ListItem\",\"position\":2,\"name\":\"Om Klimaretf\u00e6rdighed\"}]},{\"@type\":\"WebSite\",\"@id\":\"https:\/\/caredanmark.co\/#website\",\"url\":\"https:\/\/caredanmark.co\/\",\"name\":\"Act Now for Klimaretf\u00e6rdighed\",\"description\":\"Det er den samme storm men vi er ikke i samme b\u00e5d\",\"potentialAction\":[{\"@type\":\"SearchAction\",\"target\":{\"@type\":\"EntryPoint\",\"urlTemplate\":\"https:\/\/caredanmark.co\/?s={search_term_string}\"},\"query-input\":{\"@type\":\"PropertyValueSpecification\",\"valueRequired\":true,\"valueName\":\"search_term_string\"}}],\"inLanguage\":\"da-DK\"}]}<\/script>\n<!-- \/ Yoast SEO plugin. -->","yoast_head_json":{"title":"Om Klimaretf\u00e6rdighed - Act Now for Klimaretf\u00e6rdighed","robots":{"index":"index","follow":"follow","max-snippet":"max-snippet:-1","max-image-preview":"max-image-preview:large","max-video-preview":"max-video-preview:-1"},"canonical":"https:\/\/caredanmark.co\/index.php\/om-klimaretfaerdighed\/","og_locale":"da_DK","og_type":"article","og_title":"Om Klimaretf\u00e6rdighed - Act Now for Klimaretf\u00e6rdighed","og_description":"[vc_row unlock_row_content=&#8221;yes&#8221; row_height_percent=&#8221;0&#8243; override_padding=&#8221;yes&#8221; h_padding=&#8221;0&#8243; top_padding=&#8221;0&#8243; bottom_padding=&#8221;0&#8243; back_color=&#8221;accent&#8221; overlay_alpha=&#8221;50&#8243; equal_height=&#8221;yes&#8221; gutter_size=&#8221;0&#8243; column_width_percent=&#8221;100&#8243; shift_y=&#8221;0&#8243; z_index=&#8221;0&#8243; el_class=&#8221;inverted-device-order&#8221;][vc_column column_width_use_pixel=&#8221;yes&#8221; gutter_size=&#8221;3&#8243; override_padding=&#8221;yes&#8221; column_padding=&#8221;5&#8243; style=&#8221;dark&#8221; [&hellip;]","og_url":"https:\/\/caredanmark.co\/index.php\/om-klimaretfaerdighed\/","og_site_name":"Act Now for Klimaretf\u00e6rdighed","article_modified_time":"2021-06-25T09:13:24+00:00","twitter_card":"summary_large_image","twitter_misc":{"Estimeret l\u00e6setid":"3 minutter"},"schema":{"@context":"https:\/\/schema.org","@graph":[{"@type":"WebPage","@id":"https:\/\/caredanmark.co\/index.php\/om-klimaretfaerdighed\/","url":"https:\/\/caredanmark.co\/index.php\/om-klimaretfaerdighed\/","name":"Om Klimaretf\u00e6rdighed - Act Now for Klimaretf\u00e6rdighed","isPartOf":{"@id":"https:\/\/caredanmark.co\/#website"},"datePublished":"2021-06-07T10:10:14+00:00","dateModified":"2021-06-25T09:13:24+00:00","breadcrumb":{"@id":"https:\/\/caredanmark.co\/index.php\/om-klimaretfaerdighed\/#breadcrumb"},"inLanguage":"da-DK","potentialAction":[{"@type":"ReadAction","target":["https:\/\/caredanmark.co\/index.php\/om-klimaretfaerdighed\/"]}]},{"@type":"BreadcrumbList","@id":"https:\/\/caredanmark.co\/index.php\/om-klimaretfaerdighed\/#breadcrumb","itemListElement":[{"@type":"ListItem","position":1,"name":"Home","item":"https:\/\/caredanmark.co\/"},{"@type":"ListItem","position":2,"name":"Om Klimaretf\u00e6rdighed"}]},{"@type":"WebSite","@id":"https:\/\/caredanmark.co\/#website","url":"https:\/\/caredanmark.co\/","name":"Act Now for Klimaretf\u00e6rdighed","description":"Det er den samme storm men vi er ikke i samme b\u00e5d","potentialAction":[{"@type":"SearchAction","target":{"@type":"EntryPoint","urlTemplate":"https:\/\/caredanmark.co\/?s={search_term_string}"},"query-input":{"@type":"PropertyValueSpecification","valueRequired":true,"valueName":"search_term_string"}}],"inLanguage":"da-DK"}]}},"_links":{"self":[{"href":"https:\/\/caredanmark.co\/index.php\/wp-json\/wp\/v2\/pages\/84968","targetHints":{"allow":["GET"]}}],"collection":[{"href":"https:\/\/caredanmark.co\/index.php\/wp-json\/wp\/v2\/pages"}],"about":[{"href":"https:\/\/caredanmark.co\/index.php\/wp-json\/wp\/v2\/types\/page"}],"author":[{"embeddable":true,"href":"https:\/\/caredanmark.co\/index.php\/wp-json\/wp\/v2\/users\/2"}],"replies":[{"embeddable":true,"href":"https:\/\/caredanmark.co\/index.php\/wp-json\/wp\/v2\/comments?post=84968"}],"version-history":[{"count":18,"href":"https:\/\/caredanmark.co\/index.php\/wp-json\/wp\/v2\/pages\/84968\/revisions"}],"predecessor-version":[{"id":85083,"href":"https:\/\/caredanmark.co\/index.php\/wp-json\/wp\/v2\/pages\/84968\/revisions\/85083"}],"wp:attachment":[{"href":"https:\/\/caredanmark.co\/index.php\/wp-json\/wp\/v2\/media?parent=84968"}],"curies":[{"name":"wp","href":"https:\/\/api.w.org\/{rel}","templated":true}]}}